?
8
Let l(p) = -7*p + 672. What is the units digit of l(10)?
2
Let i(r) = r**3 + 3*r**2 + 4*r + 2. Let h(t) = -t. Let c(v) = 3*h(v) + i(v). Let b be c(-3). Let o(l) = -25*l**3 - l**2. What is the units digit of o(b)?
4
Suppose -2 = 2*m - 0, -4*m = 3*v + 4. Suppose 4*u - 7*u = v. Suppose 3*a - 63 - 39 = u. What is the units digit of a?
4
Suppose 20 = -o - 4*o. Let p be 30/o*(8 - 4). What is the tens digit of (-36)/p*(-80)/(-3)?
3
Let p be (-3)/(-2) - (-3)/6. Suppose p*c = 5*c - 12. What is the units digit of (-3 + 10/c)*-22?
1
Let w = -35 + 62. Suppose -3*u = -4*u + 2*z - 15, 0 = 5*u + 4*z + 75. Let h = w + u. What is the units digit of h?
2
Suppose i - 5*i = 2*x + 12, 3*i = -2*x - 10. What is the units digit of (18/(-24))/(i/40)?
5
Suppose -m - 3 + 1 = 4*b, 0 = -b + 4*m + 8. Let q = 8 + b. Suppose q*a = 5*a + 141. What is the units digit of a?
7
Suppose -y + 9 = 3. Suppose -y*m = -2*m - 132. What is the tens digit of m?
3
What is the tens digit of 256/(-24)*(-1353)/44?
2
Let d(c) = -3*c + 44. Let x be d(0). Suppose -m + x = -63. Let j = m + -39. What is the tens digit of j?
6
Suppose 2*n + 108 = 298. Let j = n + -68. What is the units digit of j?
7
Suppose 2*x - 424 = 5*m - 8*m, 5*x = -m + 1060. What is the hundreds digit of x?
2
Let s(t) = 3*t**2 + 2*t + 2. Let o be s(-2). Suppose -o = -2*p, 4*r + 2*p - 69 = p. What is the tens digit of r?
1
What is the units digit of ((-419)/(-1) - 4) + 1 + -6?
0
Suppose -x = -3*i + x + 1345, -4*x + 1780 = 4*i. Let j = -213 + i. What is the tens digit of j?
3
Suppose -4*h = 34 - 202. Suppose 84 = m - h. What is the tens digit of m?
2
Let h(q) = q**2 + q + 18. Let o be 6/(-4)*16/12. Let b be (-21)/(-7) + -1 + o. What is the units digit of h(b)?
8
Let w = 78 + -74. Suppose -5*q + 10*q + 3*r = 1508, w*q - 1196 = -5*r. What is the hundreds digit of q?
3
Let a(v) = -v**2 - 6*v - 9. Let u be a(-8). Let l = u - -22. Let x(g) = -3*g**3 - 2*g**2 + 3*g + 2. What is the tens digit of x(l)?
5
Let v(c) = -c**2 - c + 13. Suppose 0 = -5*l - 4*g - 45, -5*l - 45 + 0 = -3*g. Let d be v(l). Let i = d - -85. What is the tens digit of i?
2
Let f be (8 - 26)*6/9. Let m(a) = a**2 - 9*a - 17. What is the units digit of m(f)?
5
Let q be (-3)/(-3) + (-60)/(-2). Let x(r) = r**3 - 7*r**2 + 10*r + 2. Let j be x(6). Suppose 70 = -j*w + q*w. What is the tens digit of w?
1
Let q = -11 + 26. Let p = 10 - -1. Let z = q - p. What is the units digit of z?
4
Let n = -371 + 674. What is the tens digit of n?
0
Suppose -21*s + 65*s + 53460 = 0. Suppose 5*o = -65 - 60. What is the tens digit of s/o - 4/(-10)?
4
Let x = -11 + 13. Suppose y = -1, o - x*y = 6*o - 203. What is the tens digit of o?
4
Let b(z) = -8*z**3 - 17*z**2 + 11*z + 8. What is the thousands digit of b(-6)?
1
Let h(n) = -12*n - 14. Suppose 4*s = 8, 2*a - 4*s + 62 = 5*a. Suppose 15*f = 18*f + a. What is the units digit of h(f)?
8
Let q(n) = n + 34. Let r be q(-15). Suppose 2*s + 9 = r. What is the units digit of s?
5
Suppose -5*j - t = -161, 17 = j - 0*j + 4*t. What is the units digit of j?
3
Let v be -202 + -6*(4 + 11/(-3)). Let h = -74 - v. What is the units digit of h?
0
Let c(w) = 7*w**3 + 3*w**2 + 2*w - 2. Let l be c(-2). Let i = 25 - l. What is the tens digit of i?
7
Suppose 3*v + 4*l - 23 = 0, 6*v + 5*l = 3*v + 28. Suppose z = 3*f - f + 9, -z - 3*f - v = 0. What is the units digit of z?
5
Let i(l) = -l**2 + 13*l + 16. Let j be i(13). Suppose 0*q = -4*q + j. Suppose q*c = c + 21. What is the units digit of c?
7
Let s = -68 + 177. Let z = s + 3. What is the tens digit of z?
1
Let u = -3 + -2. Let d be ((-2)/u)/((-2)/(-5)). Suppose -4*z + 17 = d. What is the units digit of z?
4
Suppose -1970 + 212 = -4*c + 2*s, 4*s = 12. What is the units digit of c?
1
Let m be 3/(2*1/(-20)). Let u be ((-6)/9)/((-2)/m). Let d(v) = -v**2 - 10*v + 3. What is the units digit of d(u)?
3
Suppose 19*u - 3747 = 34. What is the tens digit of u?
9
Let t(j) = 2*j**2 - 19*j - 10. What is the tens digit of t(13)?
8
What is the units digit of (-8)/(-40) - 7208/(-10) - 5?
6
Let v(a) = 3*a**2 - 143. What is the hundreds digit of v(-13)?
3
Let l(k) = -28*k + 26. Let z be l(-19). Suppose 6*y = 126 + z. What is the units digit of y?
4
Let j = -2456 + 3762. Suppose -4*x - 5*z = -j + 5, -967 = -3*x + 5*z. Suppose 4*m - x = -5*n, 4*m + 2*n - 3*n = 300. What is the tens digit of m?
7
Let q = -2466 + 3980. What is the thousands digit of q?
1
Let g(m) = 3*m + 16. Let b(p) = 8*p + 47. Let w(a) = 4*b(a) - 11*g(a). What is the units digit of w(10)?
2
Let o be (-645)/(-120) - (-3)/(-8). Suppose -o*p + p = -344. What is the units digit of p?
6
Let r be 1 - (-3 + 2 + -3). Let b = r - 6. What is the tens digit of -3 - (-25 - (b + 1))?
2
Let o = 811 - 52. What is the units digit of o?
9
Suppose -3*q = 2*x - 11 - 6, -x - 5 = -3*q. Suppose 2*g + 2*m = 9 + 3, q*m - 14 = -g. Suppose l = -2*l + 3*d + 30, -l = -g*d - 10. What is the tens digit of l?
1
Let c(t) = t**2 + 26*t + 54. What is the tens digit of c(-44)?
4
Suppose 0 = -0*o + o + 4*r - 474, o = 2*r + 480. What is the units digit of o?
8
Suppose 3502 = 3*f - d, f + 8*d - 11*d - 1154 = 0. What is the tens digit of f?
6
Let m(y) = 5*y + 62. Let r be m(-11). Let a(k) be the third derivative of k**4/8 + 5*k**3/3 - k**2. What is the tens digit of a(r)?
3
Let j(d) = -d**2 + 6*d - 8. Let b be j(4). Suppose b*a - 5*u - 11 = -2*a, 2*a + 1 = u. What is the units digit of (15/30)/(a/(-100))?
5
Suppose 5565 = 5*d + 4*x, 10*d - 8*d - x - 2226 = 0. What is the units digit of d?
3
Let y be 16/(-8)*99/(-18). Let u(g) be the third derivative of -g**5/60 + 13*g**4/24 + 7*g**3/3 + g**2. What is the units digit of u(y)?
6
Suppose -2*u = 5*p - 2, -4*p - 12 = 5*u - 0*p. Let q(r) = r**2 - 14*r - 18. Let h be q(15). What is the units digit of h/(u/((-68)/(-3)))?
7
Let t(k) = 527*k**2 - 12*k + 27. What is the tens digit of t(2)?
1
Let u(a) = 4*a + 367. What is the tens digit of u(12)?
1
Suppose 6*q - 3*q = -9. What is the units digit of 3 - (3/q + -121)?
5
Suppose 5*o + 6*y = 4*y - 9, o - 1 = y. Let h be (-1)/2 + 18/(-4). What is the units digit of o*2 + (-175)/h?
3
Suppose 4*v = -4*n + 76, 3*v - 4*v = -5*n + 65. Suppose 0 = n*s - 15*s + 66. What is the units digit of s?
6
Suppose 3*g = -2*g - 75. Let i = 116 + g. What is the hundreds digit of i?
1
Suppose 0 = -r + 2*r - 7. Suppose r*j - 4*j = -2*p + 68, 102 = 3*p + 3*j. Suppose 22 = z - 2*l, -4*l - p - 58 = -4*z. What is the units digit of z?
4
Let y be 18/(-63) + (-32)/(-14). Suppose y*d - d = 0. Suppose -c + 4*c - 66 = d. What is the tens digit of c?
2
Let w = -265 - -385. What is the units digit of w?
0
Suppose 6 = 2*h, -5*z = 2*h - 1047 - 324. What is the units digit of z?
3
Let f = 125 + -136. Let g(w) be the first derivative of -3*w**2/2 + 21*w + 2. What is the units digit of g(f)?
4
Let w(i) be the second derivative of 2*i**4/3 + i**3/6 - 3*i**2/2 - 6*i. Let f be w(3). Suppose 0 = 11*a - 14*a + f. What is the tens digit of a?
2
Let r(k) = k + 35. Let n = -17 - -28. What is the tens digit of r(n)?
4
Suppose -4*q - 3*q = -4214. What is the hundreds digit of q?
6
Let n(z) = -z**3 + 3*z**2 + 2*z + 3. Suppose -u - 5*q - 17 = 0, -4*u - 2*q + 7 = u. Let l be n(u). What is the tens digit of (-9)/(3 + (-30)/l)?
2
Suppose 22 = 2*l - 4*s + 2*s, -5*l - 5*s + 45 = 0. What is the tens digit of 864/(-64)*l/(-12)*4?
4
Let j(y) = y - 12. Let x(l) = l**2 + l + 6. Let s be x(0). Let t be j(s). What is the units digit of (8 + t)/((-4)/(-26))?
3
Let q be 2/(0 + 10/15). Let n(s) = 10*s**2 - 6*s + 1. What is the tens digit of n(q)?
7
Suppose -6*d + 3*n = -10*d + 10499, n - 10489 = -4*d. What is the units digit of d?
1
Suppose -28*r + 20 = -24*r, 2*r + 290 = 2*z. What is the units digit of z?
0
Suppose 6*i = -59 - 37. Let s be (1/3)/(i/(-624)). Let j = 37 - s. What is the tens digit of j?
2
Let f(a) = 98*a - 38. What is the hundreds digit of f(8)?
7
Let a(r) = -r**2 + 6*r. Let t be a(5). Suppose -2 - 23 = -t*l. Suppose -l*z + 60 = 5*x, 0*x + 44 = 4*x + 5*z. What is the units digit of x?
6
Suppose 4*o + 11*i - 13*i = 1818, 0 = -5*o + 4*i + 2274. What is the units digit of o?
4
Let x(h) = -h**3 + 4*h**2 + 4*h - 12. Let o be x(4). Suppose -6*y + 414 = -o*y. What is the tens digit of y?
0
Let d = 1172 - 409. What is the units digit of d?
3
Let p be (1/(-5) + -3)*5*-